 base 16.
-eb
-ea83 (base 15) to base 8
-140727
Convert 3413 (base 9) to base 7.
10233
What is -1001101001010 (base 2) in base 12?
-2a36
What is -16d1 (base 15) in base 12?
-2a21
Convert 230113 (base 5) to base 12.
487a
Convert 4670 (base 9) to base 4.
312021
Convert -10200112 (base 3) to base 14.
-d9d
Convert -661a (base 14) to base 10.
-17664
Convert 1c78 (base 16) to base 6.
53424
Convert -12572 (base 8) to base 10.
-5498
-2360 (base 9) to base 16
-6db
3233 (base 5) to base 16
1bb
2087 (base 14) to base 11
4238
11434 (base 6) to base 9
2264
Convert -10a4 (base 13) to base 6.
-14443
What is -8ecb (base 15) in base 9?
-45552
Convert 21034 (base 6) to base 12.
177a
116 (base 7) to base 6
142
-39392 (base 11) to base 13
-1c86b
898 (base 11) to base 6
4551
-468 (base 11) to base 5
-4213
Convert 505 (base 9) to base 14.
214
What is 1a71 (base 13) in base 5?
111404
Convert 4111 (base 10) to base 8.
10017
Convert 83d (base 16) to base 9.
2803
-2523 (base 8) to base 5
-20423
What is 10100100010 (base 2) in base 10?
1314
What is -6222 (base 9) in base 12?
-2778
What is -14457 (base 10) in base 2?
-11100001111001
1077 (base 11) to base 2
10110000111
-bcb (base 16) to base 4
-233023
-197a (base 11) to base 4
-213023
Convert -722 (base 9) to base 4.
-21023
Convert 211000 (base 5) to base 16.
1b58
What is 75b (base 14) in base 5?
21303
What is 320124 (base 6) in base 10?
25972
-98b (base 13) to base 15
-741
-6845 (base 9) to base 16
-13c7
-1001111100 (base 2) to base 13
-39c
What is -65071 (base 9) in base 6?
-531231
What is 100230 (base 4) in base 7?
3054
What is -6119 (base 16) in base 9?
-37078
What is 64 (base 8) in base 2?
110100
-2789 (base 16) to base 7
-41336
What is 291 (base 12) in base 6?
1501
1140311 (base 5) to base 8
51523
What is -10212 (base 9) in base 4?
-1221032
Convert 183 (base 16) to base 10.
387
Convert 416 (base 12) to base 2.
1001010010
183 (base 10) to base 14
d1
Convert 167 (base 8) to base 7.
230
What is 1678 (base 13) in base 4?
303232
bf4 (base 16) to base 4
233310
Convert -100100100011 (base 2) to base 5.
-33324
-242c (base 16) to base 4
-2100230
What is 328 (base 11) in base 7?
1101
32033032 (base 4) to base 10
58318
11101011 (base 2) to base 14
12b
Convert 2155 (base 10) to base 15.
98a
-147 (base 9) to base 5
-444
-1103100 (base 4) to base 2
-1010011010000
Convert 202b (base 13) to base 15.
14a6
What is -10213 (base 4) in base 12?
-207
Convert -8b87 (base 14) to base 10.
-24227
What is 22102202 (base 4) in base 9?
63728
What is 112453 (base 8) in base 14?
dcb9
What is -5903 (base 14) in base 5?
-443422
What is -1d04 (base 16) in base 10?
-7428
What is -23002 (base 8) in base 11?
-7346
Convert -12a5 (base 12) to base 6.
-13525
Convert 5e8 (base 16) to base 4.
113220
What is -33034 (base 6) in base 9?
-6224
What is 345a (base 12) in base 4?
1123012
What is -61641 (base 8) in base 3?
-1021222122
Convert -27432 (base 9) to base 14.
-6ab0
-4122 (base 11) to base 9
-7446
-19 (base 11) to base 8
-24
What is -111000001010 (base 2) in base 3?
-11221010
What is -41424 (base 5) in base 16?
-ab3
What is 45b4 (base 16) in base 10?
17844
What is 9734 (base 12) in base 5?
1012400
Convert -2232 (base 4) to base 12.
-126
-759 (base 15) to base 6
-11403
What is -32c3 (base 16) in base 12?
-762b
-1502 (base 6) to base 2
-110001110
21121 (base 3) to base 11
177
-1011010001 (base 2) to base 4
-23101
Convert 250 (base 13) to base 9.
487
What is 32151 (base 6) in base 12?
2657
2db (base 16) to base 14
3a3
What is -102112 (base 3) in base 11?
-263
71 (base 15) to base 13
82
Convert 9961 (base 11) to base 12.
7727
Convert -734 (base 14) to base 10.
-1418
What is -3120 (base 7) in base 11?
-903
What is -5299 (base 10) in base 11?
-3a88
Convert -1721 (base 9) to base 13.
-7a2
-2446 (base 10) to base 12
-14ba
Convert -105664 (base 7) to base 2.
-100100110101110
21220 (base 3) to base 14
113
40262 (base 7) to base 10
9746
What is -120220 (base 4) in base 14?
-808
Convert -28a8 (base 13) to base 10.
-5884
-32011 (base 5) to base 12
-1297
10110100011 (base 2) to base 9
1873
-3211 (base 5) to base 12
-2bb
What is -7598 (base 15) in base 11?
-17780
418 (base 12) to base 2
1001010100
Convert 42216 (base 7) to base 12.
6029
What is -122020 (base 3) in base 11?
-393
Convert 3a9 (base 11) to base 3.
122212
What is -2342 (base 6) in base 5?
-4231
156 (base 8) to base 11
a0
-1386 (base 9) to base 15
-4a0
728 (base 9) to base 5
4333
-203220 (base 4) to base 6
-14320
-3103321 (base 4) to base 9
-20537
What is 10100 (base 2) in base 12?
18
Convert -14c (base 16) to base 12.
-238
What is -6a08 (base 15) in base 11?
-15a02
28 (base 16) to base 15
2a
What is -27502 (base 8) in base 6?
-132002
5055 (base 6) to base 16
45b
Convert -44051 (base 6) to base 2.
-1011110111111
What is a490 (base 12) in base 10?
17964
What is 146204 (base 7) in base 10?
28571
Convert 222112 (base 3) to base 15.
32b
10002001 (base 3) to base 6
14214
What is 100111011000010 (base 2) in base 5?
1121122
1117 (base 9) to base 4
30322
4a2a (base 13) to base 3
112102102
What is 6841 (base 14) in base 8?
43251
Convert -458 (base 11) to base 5.
-4142
-61315 (base 7) to base 12
-8764
What is -101010001111111 (base 2) in base 9?
-32604
What is -180 (base 14) in base 8?
-464
-810 (base 11) to base 14
-4dd
Convert -1001010001001 (base 2) to base 8.
-11211
What is 13437 (base 9) in base 13?
41b6
-279 (base 10) to base 3
-101100
-d01 (base 15) to base 12
-183a
Convert -457 (base 10) to base 15.
-207
Convert -526 (base 9) to base 6.
-1553
Convert 1100000100100 (base 2) to base 11.
4709
-2120 (base 5) to base 13
-18c
What is -230303 (base 4) in base 5?
-42432
6771 (base 8) to base 9
4814
Convert -44012 (base 6) to base 2.
-1011110101000
What is 5263 (base 9) in base 15?
1229
1ac (base 13) to base 6
1235
Convert -46 (base 16) to base 7.
-130
Convert 24341 (base 10) to base 3.
1020101112
-8e3e (base 16) to base 15
-abc9
What is -308 (base 14) in base 5?
-4341
6247 (base 9) to base 5
121304
Convert 1a4 (base 16) to base 9.
516
-20112102 (base 3) to base 6
-34015
Convert 124 (base 5) to base 3.
1110
Convert -17412 (base 9) to base 16.
-2edf
What is -1100110011010 (base 2) in base 16?
-199a
Convert -11033 (base 5) to base 8.
-1400
1411401 (base 5) to base 11
1a852
Convert -2140 (base 5) to base 16.
-127
What is 5155 (base 7) in base 15?
804
-444364 (base 7) to base 6
-1402541
What is 221320 (base 5) in base 10?
7710
Convert -601 (base 7) to base 15.
-14a
Convert 1142 (base 7) to base 6.
1542
What is -201012 (base 3) in base 2?
-1000000110
Convert 65304 (base 7) to base 15.
4c4c
Convert -1a9 (base 16) to base 11.
-357
Convert -3c4 (base 13) to base 9.
-821
What is -82ac (base 13) in base 2?
-100011010001000
Convert -12177 (base 11) to base 12.
-a170
What is -3310 (base 5) in base 7?
-1220
Convert -21231 (base 6) to base 10.
-2899
What is 102122 (base 5) in base 10?
3412
Convert -11846 (base 14) to base 16.
-a726
Convert -200300 (base 4) to base 11.
-1636
What is -1041 (base 7) in base 2?
-101110100
Convert -100122210 (base 3) to base 7.
-26346
Convert -10213 (base 4) to base 13.
-199
1 (base 14) to base 2
1
Convert 6161 (base 7) to base 9.
2848
Convert -553 (base 9) to base 3.
-121210
-1111010011000 (base 2) to base 8
-17230
What is -1112000 (base 3) in base 11?
-917
611 (base 8) to base 15
1b3
What is -464 (base 9) in base 6?
-1434
Convert b89c (base 15) to base 3.
1222121010
What is -410 (base 10) in base 4?
-12122
222 (base 9) to base 5
1212
-151614 (base 7) to base 14
-aa44
What is -464 (base 13) in base 15?
-358
What is 6981 (base 12) in base 10?
11761
What is 263561 (base 7) in base 4?
30002321
-112054 (base 6) to base 7
-36544
643 (base 13) to base 9
1417
What is -280 (base 10) in base 6?
-1144
What is -306 (base 8) in base 10?
-198
What is -32202 (base 5) in base 11?
-16aa
-2e5 (base 16) to base 6
-3233
-14a5 (base 13) to base 4
-233000
3731 (base 12) to base 8
14125
414 (base 5) to base 4
1231
-12a6 (base 15) to base 2
-111110001101
Convert -2504 (base 9) to base 16.
-74b
Convert -1100010011 (base 2) to base 12.
-557
-16c1 (base 14) to base 4
-333321
Convert -10000110010 (base 2) to base 15.
-4b9
What is -6b1 (base 12) in base 7?
-2623
6076 (base 10) to base 6
44044
17a2a (base 13) to base 2
1011001